{"id":110,"date":"2020-07-23T02:56:00","date_gmt":"2020-07-23T02:56:00","guid":{"rendered":"https:\/\/demosites.io\/wellness-gb\/?page_id=110"},"modified":"2026-01-24T08:55:43","modified_gmt":"2026-01-24T07:55:43","slug":"contacto","status":"publish","type":"page","link":"https:\/\/www.hostalcanalejas.com\/web\/contacto\/","title":{"rendered":"Contacto"},"content":{"rendered":"\n<div id=\"wp-block-themeisle-blocks-advanced-columns-376761eb\" class=\"wp-block-themeisle-blocks-advanced-columns alignfull has-1-columns has-desktop-equal-layout has-tablet-equal-layout has-mobile-equal-layout has-vertical-unset\"><div class=\"wp-block-themeisle-blocks-advanced-columns-overlay\"><\/div><div class=\"innerblocks-wrap\">\n<div id=\"wp-block-themeisle-blocks-advanced-column-56e29f67\" class=\"wp-block-themeisle-blocks-advanced-column\">\n<h1 id=\"wp-block-themeisle-blocks-advanced-heading-9d0606f3\" class=\"wp-block-themeisle-blocks-advanced-heading wp-block-themeisle-blocks-advanced-heading-9d0606f3\">CONTACTA CON NOSOTROS<\/h1>\n\n\n\n<hr class=\"wp-block-separator has-text-color has-nv-light-bg-color has-css-opacity has-nv-light-bg-background-color has-background\"\/>\n<\/div>\n<\/div><\/div>\n\n\n\n<div id=\"wp-block-themeisle-blocks-advanced-columns-afa87edd\" class=\"wp-block-themeisle-blocks-advanced-columns alignfull has-2-columns has-desktop-equal-layout has-tablet-equal-layout has-mobile-collapsedRows-layout has-vertical-unset has-light-bg\"><div class=\"wp-block-themeisle-blocks-advanced-columns-overlay\"><\/div><div class=\"innerblocks-wrap\">\n<div id=\"wp-block-themeisle-blocks-advanced-column-827e46c4\" class=\"wp-block-themeisle-blocks-advanced-column\">\n<p>Puedes consultar nuestra <a href=\"\/web\/privacidad\/\">Pol\u00edtica de Privacidad<\/a> as\u00ed como la <a href=\"\/web\/cookies\/\">informaci\u00f3n sobre las cookies<\/a> que utilizamos.<\/p>\n\n\n\n<div id=\"wp-block-themeisle-blocks-advanced-columns-cd0275fe\" class=\"wp-block-themeisle-blocks-advanced-columns has-2-columns has-desktop-oneTwo-layout has-tablet-oneTwo-layout has-mobile-collapsedRows-layout has-vertical-center\"><div class=\"wp-block-themeisle-blocks-advanced-columns-overlay\"><\/div><div class=\"innerblocks-wrap\">\n<div id=\"wp-block-themeisle-blocks-advanced-column-bf861af4\" class=\"wp-block-themeisle-blocks-advanced-column\">\n<div id=\"wp-block-themeisle-blocks-button-group-d573c352\" class=\"wp-block-themeisle-blocks-button-group wp-block-buttons\">\n<div id=\"wp-block-themeisle-blocks-button-19d8ea54\" class=\"wp-block-themeisle-blocks-button wp-block-button\"><a href=\"\" target=\"_self\" rel=\"noopener noreferrer\" class=\"wp-block-button__link\"><i class=\"fas fa-fw fa-map-marker-alt\"><\/i><\/a><\/div>\n<\/div>\n<\/div>\n\n\n\n<div id=\"wp-block-themeisle-blocks-advanced-column-ee274588\" class=\"wp-block-themeisle-blocks-advanced-column\">\n<p id=\"wp-block-themeisle-blocks-advanced-heading-638c8405\" class=\"wp-block-themeisle-blocks-advanced-heading wp-block-themeisle-blocks-advanced-heading-638c8405\">Calle Crist\u00f3bal Col\u00f3n, 5; 11005 C\u00e1diz.<\/p>\n<\/div>\n<\/div><\/div>\n\n\n\n<div style=\"height:20px\" aria-hidden=\"true\" class=\"wp-block-spacer\"><\/div>\n\n\n\n<div id=\"wp-block-themeisle-blocks-button-group-174f3a0f\" class=\"wp-block-themeisle-blocks-button-group wp-block-buttons\">\n<div id=\"wp-block-themeisle-blocks-button-695779c5\" class=\"wp-block-themeisle-blocks-button wp-block-button\"><a href=\"https:\/\/api.whatsapp.com\/send?phone=34640864057&amp;text=Hola,%20estoy%20interesado%20en%20consultar%20la%20disponibilidad...\" target=\"_blank\" rel=\"noopener noreferrer\" class=\"wp-block-button__link\"><i class=\"fab fa-fw fa-whatsapp margin-right\"><\/i><span>640 864 057<\/span><\/a><\/div>\n\n\n\n<div id=\"wp-block-themeisle-blocks-button-f9e5bc2a\" class=\"wp-block-themeisle-blocks-button wp-block-button\"><a href=\"tel:+34956264113\" target=\"_self\" rel=\"noopener noreferrer\" class=\"wp-block-button__link\"><i class=\"fas fa-fw fa-phone-alt margin-right\"><\/i><span>956 264 113<\/span><\/a><\/div>\n<\/div>\n<\/div>\n\n\n\n<div id=\"wp-block-themeisle-blocks-advanced-column-e326163a\" class=\"wp-block-themeisle-blocks-advanced-column contact-form has-light-bg\">\n<h2 class=\"wp-block-heading\">E-MAIL<\/h2>\n\n\n\n<p>Estamos en <a href=\"mailto:info@hostalcanalejas.com\">info@hostalcanalejas.com<\/a><\/p>\n\n\n\n<div class=\"wp-block-buttons is-layout-flex wp-block-buttons-is-layout-flex\">\n<div class=\"wp-block-button is-style-secondary\"><a class=\"wp-block-button__link wp-element-button\" href=\"mailto:info@hostalcanalejas.com\">ENVIAR E-MAIL<\/a><\/div>\n<\/div>\n<\/div>\n<\/div><\/div>\n\n\n\n<div id=\"wp-block-themeisle-blocks-advanced-columns-68820d57\" class=\"wp-block-themeisle-blocks-advanced-columns alignfull has-1-columns has-desktop-equal-layout has-tablet-equal-layout has-mobile-equal-layout has-vertical-unset\"><div class=\"wp-block-themeisle-blocks-advanced-columns-overlay\"><\/div><div class=\"innerblocks-wrap\">\n<div id=\"wp-block-themeisle-blocks-advanced-column-49ff4926\" class=\"wp-block-themeisle-blocks-advanced-column\"><div style=\"height:400px\" class=\"wp-block-themeisle-blocks-google-map\" id=\"wp-block-themeisle-blocks-google-map-bba38eb0\"><\/div>\n<script type=\"text\/javascript\">\n\t\/* <![CDATA[ *\/\n\t\tif ( ! window.themeisleGoogleMaps ) window.themeisleGoogleMaps =[];\n\t\twindow.themeisleGoogleMaps.push( { container: \"wp-block-themeisle-blocks-google-map-bba38eb0\", attributes: {\"id\":\"wp-block-themeisle-blocks-google-map-bba38eb0\",\"location\":\"Calle Crist\\u00f3bal Col\\u00f3n, 5, 11005 C\\u00e1diz, Espa\\u00f1a\",\"latitude\":\"36.5309453\",\"longitude\":\"-6.293199299999999\",\"zoom\":18,\"markers\":[{\"id\":\"3b0d7d6c-7011-41b4-a934-0ec4e9da22e4\",\"location\":\"Calle Crist\\u00f3bal Col\\u00f3n, 5, 11005 C\\u00e1diz, Espa\\u00f1a\",\"title\":\"Hostal Canalejas\",\"icon\":\"https:\\\/\\\/maps.google.com\\\/mapfiles\\\/ms\\\/icons\\\/red-dot.png\",\"description\":\"\",\"latitude\":36.5309453,\"longitude\":-6.293199299999999}],\"style\":\"standard\",\"type\":\"roadmap\",\"height\":\"400px\",\"draggable\":true,\"mapTypeControl\":true,\"zoomControl\":true,\"fullscreenControl\":true,\"streetViewControl\":true,\"hasCustomCSS\":false,\"customCSS\":\"\",\"otterConditions\":[]} } );\n\t\/* ]]> *\/\n<\/script>\n<\/div>\n<\/div><\/div>\n","protected":false},"excerpt":{"rendered":"","protected":false},"author":1,"featured_media":0,"parent":0,"menu_order":0,"comment_status":"closed","ping_status":"closed","template":"","meta":{"neve_meta_sidebar":"full-width","neve_meta_container":"","neve_meta_enable_content_width":"on","neve_meta_content_width":100,"neve_meta_title_alignment":"","neve_meta_author_avatar":"","neve_post_elements_order":"","neve_meta_disable_header":"","neve_meta_disable_footer":"","neve_meta_disable_title":"on","neve_meta_reading_time":"","advanced_seo_description":"","jetpack_seo_html_title":"","jetpack_seo_noindex":false,"_themeisle_gutenberg_block_has_review":false,"footnotes":""},"class_list":["post-110","page","type-page","status-publish","hentry"],"jetpack_sharing_enabled":true,"_links":{"self":[{"href":"https:\/\/www.hostalcanalejas.com\/web\/wp-json\/wp\/v2\/pages\/110","targetHints":{"allow":["GET"]}}],"collection":[{"href":"https:\/\/www.hostalcanalejas.com\/web\/wp-json\/wp\/v2\/pages"}],"about":[{"href":"https:\/\/www.hostalcanalejas.com\/web\/wp-json\/wp\/v2\/types\/page"}],"author":[{"embeddable":true,"href":"https:\/\/www.hostalcanalejas.com\/web\/wp-json\/wp\/v2\/users\/1"}],"replies":[{"embeddable":true,"href":"https:\/\/www.hostalcanalejas.com\/web\/wp-json\/wp\/v2\/comments?post=110"}],"version-history":[{"count":13,"href":"https:\/\/www.hostalcanalejas.com\/web\/wp-json\/wp\/v2\/pages\/110\/revisions"}],"predecessor-version":[{"id":485,"href":"https:\/\/www.hostalcanalejas.com\/web\/wp-json\/wp\/v2\/pages\/110\/revisions\/485"}],"wp:attachment":[{"href":"https:\/\/www.hostalcanalejas.com\/web\/wp-json\/wp\/v2\/media?parent=110"}],"curies":[{"name":"wp","href":"https:\/\/api.w.org\/{rel}","templated":true}]}}